74167
List the prime factors of 48802206.
2, 3, 17, 478453
List the prime factors of 3276093738.
2, 3, 37, 89, 165811
List the prime factors of 1020464285.
5, 204092857
List the prime factors of 2068840783.
19, 47, 1013, 2287
What are the prime factors of 361461284?
2, 23, 71, 55337
What are the prime factors of 832950903?
3, 179, 1069, 1451
What are the prime factors of 53480303?
83, 644341
List the prime factors of 832578400.
2, 5, 17, 29, 2111
List the prime factors of 426473115.
3, 5, 28431541
What are the prime factors of 567681204?
2, 3, 17, 103, 27017
What are the prime factors of 1240648684?
2, 11, 41, 687721
List the prime factors of 1709402241.
3, 17, 19, 1764089
List the prime factors of 650908138.
2, 17, 19144357
List the prime factors of 401355181.
107, 499, 7517
What are the prime factors of 190581573?
3, 7, 13, 499, 1399
What are the prime factors of 190550269?
7, 13, 299137
What are the prime factors of 4231497?
3, 1410499
List the prime factors of 44341810.
2, 5, 4434181
What are the prime factors of 154140227?
23, 6701749
List the prime factors of 1080016710.
2, 3, 5, 113, 318589
List the prime factors of 675405853.
29, 311, 74887
List the prime factors of 1383326835.
3, 5, 11, 23, 364513
What are the prime factors of 2715388038?
2, 3, 11, 61, 383, 587
What are the prime factors of 221156933?
113, 163, 12007
List the prime factors of 1351134313.
17, 569, 139681
List the prime factors of 125048121.
3, 11, 3789337
What are the prime factors of 61087361?
59, 1035379
What are the prime factors of 252248596?
2, 233, 270653
List the prime factors of 997768067.
997768067
What are the prime factors of 1370360?
2, 5, 34259
What are the prime factors of 40122103?
7, 5731729
List the prime factors of 20409861.
3, 6803287
What are the prime factors of 123636759?
3, 41212253
List the prime factors of 194512506.
2, 3, 257, 126143
What are the prime factors of 283136650?
2, 5, 5662733
What are the prime factors of 94667571?
3, 29, 37, 9803
List the prime factors of 52110279.
3, 13, 137, 3251
List the prime factors of 92954862.
2, 3, 7, 11, 13, 67
What are the prime factors of 11134215?
3, 5, 181, 1367
What are the prime factors of 413107097?
13, 31777469
List the prime factors of 5241584870.
2, 5, 67, 7823261
List the prime factors of 362511384.
2, 3, 103, 146647
List the prime factors of 5551337046.
2, 3, 17, 19, 2864467
What are the prime factors of 317923256?
2, 7, 17, 53, 6301
What are the prime factors of 2600247905?
5, 3911, 132971
List the prime factors of 347483975.
5, 389, 35731
What are the prime factors of 1414149108?
2, 3, 117845759
List the prime factors of 3410268366.
2, 3, 79, 7194659
List the prime factors of 36723424.
2, 97, 11831
What are the prime factors of 34288753?
34288753
List the prime factors of 81401187.
3, 7, 19, 204013
What are the prime factors of 762828253?
11, 31, 233, 9601
List the prime factors of 1640540792.
2, 11, 18642509
What are the prime factors of 34339606?
2, 7, 2452829
List the prime factors of 370906202.
2, 185453101
List the prime factors of 202391675.
5, 8095667
What are the prime factors of 1959188741?
67, 127, 193, 1193
List the prime factors of 62809927.
62809927
What are the prime factors of 47391764?
2, 7, 1692563
What are the prime factors of 5046012?
2, 3, 140167
List the prime factors of 1074262932.
2, 3, 23, 251, 1723
List the prime factors of 2928511347.
3, 103, 9477383
List the prime factors of 244897169.
11, 23, 43, 22511
What are the prime factors of 4731235315?
5, 19, 137957
List the prime factors of 385918987.
385918987
What are the prime factors of 335408436?
2, 3, 11, 17, 49823
List the prime factors of 1623787405.
5, 19, 17092499
List the prime factors of 32035399.
11, 2912309
What are the prime factors of 5876232045?
3, 5, 3929, 99707
What are the prime factors of 35073965?
5, 23, 37, 8243
List the prime factors of 758147398.
2, 83, 4567153
List the prime factors of 21924261.
3, 29, 167, 503
What are the prime factors of 31972719?
3, 10657573
What are the prime factors of 490394424?
2, 3, 13, 1571777
List the prime factors of 40069314.
2, 3, 61, 36493
List the prime factors of 7896978254.
2, 11, 31, 2729, 4243
List the prime factors of 161157875.
5, 17, 181, 419
What are the prime factors of 31814669?
167, 190507
List the prime factors of 446830971.
3, 6047, 24631
What are the prime factors of 19306104?
2, 3, 97, 8293
List the prime factors of 70153353.
3, 7794817
What are the prime factors of 28013690?
2, 5, 2801369
List the prime factors of 114987346.
2, 103, 131, 4261
What are the prime factors of 649032065?
5, 11, 1889, 6247
List the prime factors of 27556395.
3, 5, 1291, 1423
What are the prime factors of 984165863?
16073, 61231
List the prime factors of 342413926.
2, 23, 911, 8171
What are the prime factors of 847884757?
83, 10215479
What are the prime factors of 28425406?
2, 19, 107, 6991
List the prime factors of 434049350.
2, 5, 7, 25309
What are the prime factors of 343727027?
7, 47, 22229
What are the prime factors of 165251456?
2, 53, 24359
List the prime factors of 3602847843.
3, 7, 163, 5569
List the prime factors of 86838767.
67, 1296101
List the prime factors of 48317188.
2, 41, 101, 2917
What are the prime factors of 153548120?
2, 5, 11, 19, 18367
What are the prime factors of 1799402000?
2, 5, 11, 89, 919
List the prime factors of 432612018.
2, 3, 617, 38953
What are the prime factors of 477758442?
2, 3, 7, 11375201
List the prime factors of 2775626084.
2, 7, 11, 2833, 3181
What are the prime factors of 33613663?
2549, 13187
What are the prime factors of 5582839064?
2, 11, 63441353
List the prime factors of 523301031.
3, 11, 59, 89591
List the prime factors of 1389409766.
2, 107, 6492569
List the prime factors of 38112007.
61, 624787
List the prime factors of 21694483.
2969, 7307
List the prime factors of 530341668.
2, 3, 181873
What are the prime factors of 287987605?
5, 57597521
List the prime factors of 238094343.
3, 8818309
List the prime factors of 114452185.
5, 839, 27283
What are the prime factors of 147667610?
2, 5, 17, 173, 5021
List the prime factors of 65282217.
3, 7, 11, 13, 21739
List the prime factors of 1038004606.
2, 43, 1871, 6451
What are the prime factors of 45102904?
2, 7, 11, 17, 59, 73
What are the prime factors of 460068639?
3, 153356213
What are the prime factors of 1092345019?
67, 16303657
List the prime factors of 3775989605.
5, 19, 73, 28657
List the prime factors of 4117147659.
3, 73, 6266587
What are the prime factors of 55851112?
2, 61, 193, 593
List the prime factors of 44397887.
43, 1032509
List the prime factors of 757902831.
3, 7, 23, 1569157
List the prime factors of 304117769.
304117769
What are the prime factors of 29331619?
47, 73, 83, 103
List the prime factors of 74153639.
7, 47, 263, 857
List the prime factors of 541384915.
5, 389, 278347
What are the prime factors of 5561825610?
2, 3, 5, 11, 29, 581173
What are the prime factors of 343878722?
2, 11, 31, 504221
What are the prime factors of 40536148?
2, 101, 269, 373
List the prime factors of 53300389.
17, 3135317
What are the prime factors of 461325722?
2, 11, 13, 127, 977
List the prime factors of 108041834.
2, 17, 3177701
What are the prime factors of 36463486?
2, 18231743
List the prime factors of 1223548557.
3, 7, 11, 5296747
List the prime factors of 3798423.
3, 19, 97, 229
List the prime factors of 500046931.
97, 167, 30869
What are the prime factors of 2526772437?
3, 7, 19, 2110921
List the prime factors of 86434971.
3, 7, 19, 4421
List the prime factors of 1079437746.
2, 3, 17, 89, 118907
What are the prime factors of 378484178?
2, 809, 233921
List the prime factors of 107315177.
353, 304009
List the prime factors of 210307518.
2, 3, 11683751
List the prime factors of 430230101.
7, 17, 1319, 2741
What are the prime factors of 127979943?
3, 7, 13, 571, 821
What are the prime factors of 1370216934?
2, 3, 757, 100559
What are the prime factors of 4125271?
17, 227, 1069
What are the prime factors of 39920649?
3, 13306883
What are the prime factors of 114023871?
3, 13, 974563
List the prime factors of 34023729.
3, 443, 25601
What are the prime factors of 212574152?
2, 7, 542281
What are the prime factors of 472335495?
3, 5, 373, 84421
List the prime factors of